{"id":20,"date":"2024-02-23T14:08:32","date_gmt":"2024-02-23T13:08:32","guid":{"rendered":"https:\/\/sailingteam-west.shop\/index.php\/bezahlmoeglichkeiten\/"},"modified":"2024-04-01T10:46:34","modified_gmt":"2024-04-01T08:46:34","slug":"bezahlmoeglichkeiten","status":"publish","type":"page","link":"https:\/\/sailingteam-west.shop\/index.php\/bezahlmoeglichkeiten\/","title":{"rendered":"Zahlungsarten"},"content":{"rendered":"\n<p><strong>Zahlungsbedingungen:<\/strong><\/p>\n\n\n\n<p>Wir liefern ausschlie\u00dflich gegen Vorkasse. Nach dem Bestellvorgang bekommst Du eine E-Mail <\/p>\n\n\n\n<p>mit unseren Kontodaten. <\/p>\n\n\n\n<p>Bitte \u00fcberpr\u00fcfe auch Deinen Spam-Ordner!<\/p>\n\n\n\n<p>Die Artikel werden so bald wie m\u00f6glich nach Zahlungseingang f\u00fcr Dich fertiggestellt und verschickt.<\/p>\n","protected":false},"excerpt":{"rendered":"<p>Zahlungsbedingungen: Wir liefern ausschlie\u00dflich gegen Vorkasse. Nach dem Bestellvorgang bekommst Du eine E-Mail mit unseren Kontodaten. Bitte \u00fcberpr\u00fcfe auch Deinen Spam-Ordner! Die Artikel werden so bald wie m\u00f6glich nach Zahlungseingang f\u00fcr Dich fertiggestellt und verschickt.<\/p>\n","protected":false},"author":1,"featured_media":0,"parent":0,"menu_order":0,"comment_status":"closed","ping_status":"closed","template":"","meta":{"_et_pb_use_builder":"off","_et_pb_old_content":"\n[payment_methods_info]","_et_gb_content_width":"","footnotes":""},"class_list":["post-20","page","type-page","status-publish","hentry"],"_links":{"self":[{"href":"https:\/\/sailingteam-west.shop\/index.php\/wp-json\/wp\/v2\/pages\/20","targetHints":{"allow":["GET"]}}],"collection":[{"href":"https:\/\/sailingteam-west.shop\/index.php\/wp-json\/wp\/v2\/pages"}],"about":[{"href":"https:\/\/sailingteam-west.shop\/index.php\/wp-json\/wp\/v2\/types\/page"}],"author":[{"embeddable":true,"href":"https:\/\/sailingteam-west.shop\/index.php\/wp-json\/wp\/v2\/users\/1"}],"replies":[{"embeddable":true,"href":"https:\/\/sailingteam-west.shop\/index.php\/wp-json\/wp\/v2\/comments?post=20"}],"version-history":[{"count":8,"href":"https:\/\/sailingteam-west.shop\/index.php\/wp-json\/wp\/v2\/pages\/20\/revisions"}],"predecessor-version":[{"id":1070,"href":"https:\/\/sailingteam-west.shop\/index.php\/wp-json\/wp\/v2\/pages\/20\/revisions\/1070"}],"wp:attachment":[{"href":"https:\/\/sailingteam-west.shop\/index.php\/wp-json\/wp\/v2\/media?parent=20"}],"curies":[{"name":"wp","href":"https:\/\/api.w.org\/{rel}","templated":true}]}}